t common divisor of 249 and 1079?
83
Calculate the highest common factor of 3087012 and 692.
692
Calculate the highest common factor of 14196 and 2947.
7
Calculate the greatest common factor of 38628 and 592.
148
What is the greatest common factor of 26 and 752674?
26
What is the highest common factor of 380 and 866495?
95
Calculate the greatest common factor of 671 and 847.
11
What is the greatest common factor of 530 and 74830?
10
Calculate the greatest common factor of 151 and 926234.
151
Calculate the greatest common factor of 19228 and 644.
92
Calculate the greatest common divisor of 5805140 and 550.
110
Calculate the highest common divisor of 164 and 1612.
4
What is the greatest common divisor of 26 and 21914?
2
Calculate the greatest common divisor of 7790652 and 1164.
1164
Calculate the highest common divisor of 625 and 858625.
125
What is the highest common divisor of 34185 and 7095?
645
Calculate the highest common factor of 35 and 50624.
7
What is the highest common divisor of 26 and 1900?
2
Calculate the greatest common divisor of 4850 and 3050.
50
Calculate the greatest common divisor of 92 and 27002.
46
What is the greatest common divisor of 306 and 8126?
34
What is the greatest common divisor of 9 and 137871?
9
What is the greatest common factor of 107743 and 7009?
163
What is the greatest common factor of 12770 and 580?
10
What is the greatest common divisor of 2550 and 198390?
510
Calculate the greatest common factor of 114103 and 44.
11
Calculate the greatest common divisor of 5915 and 8957.
169
Calculate the highest common divisor of 4774 and 441936.
682
What is the highest common factor of 272 and 31484?
68
Calculate the greatest common divisor of 782 and 2162.
46
What is the greatest common factor of 6588 and 864?
108
Calculate the highest common divisor of 167587 and 2690.
269
Calculate the greatest common factor of 415 and 314321.
83
What is the greatest common divisor of 1764 and 260190?
882
Calculate the greatest common divisor of 904 and 96.
8
Calculate the greatest common divisor of 2722 and 610.
2
Calculate the highest common factor of 14559 and 58869.
633
Calculate the greatest common factor of 117 and 4388319.
117
Calculate the greatest common divisor of 1528 and 88.
8
What is the highest common factor of 1136970 and 6?
6
Calculate the highest common factor of 2755 and 667.
29
Calculate the highest common factor of 52 and 66508.
52
Calculate the greatest common divisor of 161930 and 55.
5
Calculate the greatest common divisor of 12576 and 128.
32
What is the greatest common factor of 269974 and 92?
46
What is the highest common factor of 13685 and 157675?
595
Calculate the highest common factor of 43050 and 83475.
525
Calculate the highest common divisor of 849 and 163857.
849
Calculate the highest common factor of 90126 and 13878.
54
What is the greatest common divisor of 45 and 11709?
9
Calculate the highest common factor of 55708 and 304.
76
What is the highest common factor of 74 and 598882?
74
Calculate the highest common factor of 2408 and 1162.
14
Calculate the highest common divisor of 78760 and 100.
20
Calculate the greatest common factor of 475607 and 297.
11
Calculate the highest common divisor of 418 and 2354.
22
What is the highest common factor of 184 and 144463?
23
Calculate the greatest common divisor of 1925 and 280.
35
Calculate the greatest common divisor of 116864 and 242.
22
What is the highest common divisor of 1100 and 7040?
220
Calculate the greatest common factor of 13917575 and 4690.
2345
What is the greatest common divisor of 11200 and 41200?
400
What is the highest common divisor of 156 and 85098?
78
What is the highest common divisor of 12350 and 129428?
494
Calculate the greatest common factor of 1430 and 20306.
286
What is the greatest common factor of 148 and 162800?
148
What is the highest common factor of 20905 and 2257?
37
Calculate the highest common divisor of 38407 and 965.
193
Calculate the highest common divisor of 602498 and 1.
1
What is the highest common factor of 182091 and 522?
87
What is the greatest common divisor of 434 and 1166375?
217
What is the highest common factor of 137310 and 115?
115
What is the highest common factor of 2744 and 952?
56
Calculate the greatest common divisor of 120815 and 584.
73
What is the highest common divisor of 734 and 14?
2
What is the greatest common factor of 339955 and 275?
55
What is the highest common factor of 1405741 and 37?
37
What is the greatest common factor of 260 and 1251770?
130
What is the greatest common divisor of 282 and 2880?
6
Calculate the greatest common factor of 7668 and 792.
36
What is the greatest common divisor of 22 and 34309?
11
What is the greatest common divisor of 34 and 7871?
17
Calculate the highest common divisor of 16 and 1906.
2
What is the highest common factor of 21 and 6993?
21
What is the highest common factor of 2576 and 459494?
322
What is the greatest common factor of 7 and 964?
1
Calculate the highest common factor of 125836 and 4.
4
What is the greatest common factor of 5727 and 2346?
69
Calculate the highest common divisor of 1792 and 151424.
896
Calculate the greatest common divisor of 2834 and 975.
13
Calculate the highest common divisor of 280023 and 93.
93
Calculate the highest common divisor of 4704 and 104622.
42
Calculate the greatest common divisor of 741804 and 420.
84
What is the highest common factor of 60 and 89760?
60
What is the highest common factor of 80136 and 567?
189
Calculate the greatest common divisor of 1065885 and 60.
15
Calculate the greatest common divisor of 4938 and 4040107.
823
What is the highest common factor of 335704 and 8?
8
What is the highest common divisor of 161 and 8590799?
161
What is the greatest common divisor of 989152 and 64?
32
What is the highest common divisor of 122936 and 62992?
1016
What is the highest common divisor of 96237 and 9?
9
Calculate the greatest common divisor of 6592 and 253586.
206
Calculate the greatest common factor of 500 and 70750.
250
What is the highest common divisor of 6 and 20790?
6
Calculate the greatest common factor of 96251 and 174.
29
What is the greatest common divisor of 6985 and 187?
11
What is the highest common divisor of 80 and 1342360?
40
What is the greatest common factor of 178 and 43254?
178
What is the greatest common factor of 4955 and 310183?
991
What is the greatest common factor of 4527 and 9171?
9
Calculate the greatest common divisor of 1517720 and 2470.
190
Calculate the highest common factor of 16261 and 368.
23
What is the greatest common divisor of 9385 and 50?
5
What is the highest common factor of 222 and 402782?
74
Calculate the greatest common factor of 557539 and 206.
103
What is the highest common divisor of 522 and 246204?
18
What is the greatest common factor of 4310 and 80?
10
Calculate the greatest common divisor of 12 and 217108.
4
What is the highest common divisor of 120 and 11920?
40
Calculate the highest common factor of 8192 and 1984.
64
Calculate the highest common divisor of 3028 and 21.
1
What is the greatest common factor of 162 and 552798?
54
Calculate the highest common factor of 3872 and 5445.
121
Calculate the greatest common factor of 711 and 301069.
79
What is the greatest common divisor of 15436 and 246068?
908
Calculate the highest common factor of 55993 and 266.
133
What is the greatest common factor of 372 and 4896636?
372
What is the greatest common factor of 36 and 15726?
6
What is the greatest common factor of 15167 and 493?
29
Calculate the greatest common factor of 22 and 618596.
22
What is the greatest common divisor of 599 and 636737?
599
What is the highest common factor of 2240 and 35?
35
What is the highest common divisor of 756614 and 82?
82
Calculate the greatest common factor of 1170 and 437190.
390
Calculate the greatest common factor of 56771 and 3289.
143
What is the greatest common factor of 25326 and 258486?
402
What is the highest common divisor of 90 and 65646?
18
Calculate the greatest common divisor of 1897874 and 44.
22
Calculate the greatest common divisor of 216 and 2141064.
72
Calculate the greatest common factor of 75776 and 416.
32
What is the greatest common divisor of 909919 and 331?
331
What is the greatest common divisor of 68